-5*v - 5*w + 2080. Is v a prime number?
False
Suppose -7*z = -9*z + 264. Suppose -d = 3*d - z. Is d a prime number?
False
Suppose c - 2*j = 3*j + 1392, 1401 = c + 4*j. Is c a composite number?
True
Let g be 1228/(-14) - 2/7. Let k(r) = 2*r**2 + 12*r - 7. Let l be k(4). Let v = l - g. Is v composite?
True
Let l = -1 + -1. Let n = -7 - l. Is ((-6)/5)/(n/25) a composite number?
True
Suppose 2*f + f = 4*q + 49, -4*q = 2*f + 34. Let h(a) = a**2 + 12*a + 14. Let y be h(q). Let x(g) = -g**2 - 9*g - 3. Is x(y) prime?
False
Let n(f) = 9*f**2 - 3*f + 6. Let r(m) = -5*m**2 + m - 3. Let t(d) = 4*n(d) + 7*r(d). Let p be t(5). Suppose p*y = 40 - 10. Is y a composite number?
True
Let f(q) = -7*q**2 - q. Let a be f(1). Let n = a - -31. Is n composite?
False
Let b(g) = 32*g**3 - 3*g**2 + 1. Let t be b(2). Suppose -5*k + 2*s = -t, -5*k - 5*s + 22 = -4*k. Is k a composite number?
False
Is 12/3 - 2 - -407 composite?
False
Suppose -5 = -4*m + 5*g, -4*g - 1 = -2*m - g. Suppose 4*a = 16, 7*a - 70 = -m*b + 2*a. Let r = b + 15. Is r a prime number?
False
Let m = -5 - -1. Let o = 8 + m. Is 2/(-4) + 454/o composite?
False
Let g(c) = -c + 4*c + c**2 - 5 - 2 + 2. Is g(4) a composite number?
False
Suppose -5*b + 0*b - 12110 = 0. Is (-2)/13 - b/26 prime?
False
Is 1/4*(3 + 145) composite?
False
Let t(x) = -13*x - 1. Suppose 0 = -n + a - 2, 8*n + 4*a + 46 = 3*n. Is t(n) a composite number?
True
Let n = -8 - -11. Suppose 0*y = -n*y + 18. Is y composite?
True
Let m(k) = -4*k**3 + 5*k**2 + k - 10. Let n(w) = w**2 - w - 1. Let b(j) = -m(j) + 5*n(j). Is b(3) a composite number?
True
Suppose 0*x = 3*x. Suppose x = -3*l + 2*l + 53. Is l prime?
True
Let d be ((-1)/2)/((-3)/12). Let q be (-4 + d)/(4/(-14)). Suppose q + 84 = 4*v - f, 0 = -v - 2*f + 16. Is v composite?
True
Let m be 570/(-4)*(-16)/20. Suppose 3*b + 521 = 5*x + m, -b = 5*x - 391. Is x a prime number?
True
Suppose -3*c + 1648 = 5*t, 3*t - 654 = t + 4*c. Is t a composite number?
True
Suppose 8 = 4*i - 4. Is (i - -1019)*(-1)/(-2) composite?
True
Suppose -12 = 2*c + f + 3*f, c - 4*f = 0. Is -1 + -108*c/2 a prime number?
False
Let o = -1445 - -688. Let l = o + 1314. Is l a composite number?
False
Suppose 741 = -l + 2*l. Suppose 5*x - 2*w = -w + l, 0 = -3*x + 3*w + 447. Suppose -3*h = h - x. Is h a prime number?
True
Let n = -11 + -17. Let b = 57 - n. Is b prime?
False
Let k = -3 - -1. Let a be 0/(2*(-1)/k). Suppose -50 = -5*t + 3*t - 4*y, a = -4*t - 4*y + 116. Is t a prime number?
False
Let s(l) = 18*l**2 + 18*l - 14. Is s(8) prime?
False
Let b = 43 + 288. Is b composite?
False
Suppose -f - 1 = -15. Suppose 3*r = r + f. Is r prime?
True
Let o be (3 - 1) + -2 - -6. Suppose -5*c = -2*u - 40, 3*u - o*u = -c + 34. Let r = u - -29. Is r a composite number?
False
Is (-558)/4*12/(-18) prime?
False
Suppose 0*s + 4*s = 212. Is s a prime number?
True
Let w(c) = c**2 + c**3 + 0 - 1 - 11*c**2 + 8*c. Is w(10) a prime number?
True
Let l = -42 - -279. Is l a composite number?
True
Suppose -4*y + 189 + 347 = 0. Is y composite?
True
Let b be (-3)/9*0/(-4). Suppose 3*o - 5*u = 2485, b*u = -5*o + u + 4171. Is o composite?
True
Let m be (2 + -3)/1 - -1. Suppose -z = -5*c - 7 - 20, -2*z - 4*c - 16 = m. Suppose -d - 26 = -2*a + a, z*d + 83 = 3*a. Is a composite?
False
Suppose -4*g + 8 = 2*i, -i + 5*g - 24 = -0*i. Let f(p) = -8*p - 7. Let m(r) = -7*r - 6. Let z(k) = -3*f(k) + 4*m(k). Is z(i) a composite number?
False
Suppose 0*s - 5*s + 165 = 0. Is s composite?
True
Suppose -4*t - 27 = 285. Let l = 239 + t. Is l composite?
True
Let a(g) = 13*g - 1. Let c be a(1). Suppose 0 = 2*n - 2*j - j + 18, 0 = 5*n - 2*j + 23. Let r = c - n. Is r a prime number?
False
Suppose -6*m + 2800 - 322 = 0. Is m composite?
True
Suppose -3*u = 5*d - 2*u - 1082, 3*d + 2*u = 645. Is d prime?
False
Suppose -474 = -o + 215. Is o prime?
False
Let u = -10816 - -18809. Is u prime?
True
Suppose -q - r + 1 = r, 2*q = r + 12. Suppose -3*w - 5*p - 10 = 3, -q*w = -5*p + 35. Let g(y) = 3*y**2 + 2*y + 1. Is g(w) prime?
True
Suppose -2*m - v + 124 = 631, -5*v - 1260 = 5*m. Is (m/(-6) - 1)*2 composite?
False
Suppose -266 = 8*r - 1906. Is r a composite number?
True
Let x(n) = 2902*n**2 + 6*n - 7. Is x(1) prime?
False
Suppose -5*d + 15 = 0, -251 = -4*k + 3*d - 48. Suppose -p + 2*p = k. Is p a prime number?
True
Let a(r) = 318*r - 15. Is a(6) a composite number?
True
Suppose -p - 10 = -6*p. Suppose -5*h = 0, -5*h = -0*c + 5*c - 190. Suppose 4 = 5*m - 3*q - 38, p*q = 5*m - c. Is m prime?
False
Let d = -125 + 79. Let h = 139 - d. Suppose -5*i = -0*i - h. Is i a prime number?
True
Suppose 0 = 3*l - 4*v + 132 - 809, -2*l - 3*v = -440. Is l a composite number?
False
Suppose 5*q - g = 3168, 4*q - 1908 = q + 3*g. Is q a prime number?
False
Let p(q) = -q**3 + q**2 + q - 3. Let w be p(7). Let i = -79 - w. Is i prime?
True
Suppose 130 = 5*u - 70. Suppose -6*b = -2*b + u. Let k = 49 - b. Is k composite?
False
Let g be 7242/27 - 4/18. Let x = g - 9. Is x a prime number?
False
Let p(t) = 3*t - 6. Let d be p(4). Let n be (-2 - d/3)/(-2). Suppose -n*j + 32 = -o, 3*o + 8 = o. Is j a prime number?
False
Let l be -3 + (3 - 0 - -127). Suppose 0 = -a + 4*t + l - 38, 4*a + 2*t = 356. Is a a prime number?
True
Suppose -g - 2*g - 5*b + 592 = 0, 5*g - 4*b - 962 = 0. Is g a composite number?
True
Let w be (11 - 1)*(-10)/(-25). Is (-24)/16 - (-50)/w prime?
True
Let h(g) = -97*g + 24. Is h(-7) a composite number?
True
Let u be 1 + (-3 - (-272)/4). Let r = 61 + u. Is r prime?
True
Suppose -t - 84 = -7*t. Let c be 1/3 + 2/(-6). Let p = t + c. Is p a prime number?
False
Suppose 6*h = 2*h - 8. Let j be (4/h)/(4/(-158)). Suppose -j + 23 = -4*z. Is z a composite number?
True
Suppose -4*i + 15 - 2 = 3*p, 9 = 2*p + 3*i. Suppose 2*n - 5 = p. Suppose u + 5*y - 8 = 0, 2*y - n*y = 5*u - 155. Is u prime?
False
Let f(n) = -n - 9. Is f(-15) composite?
True
Let x(m) = 12*m + 1. Let k(c) = -c. Let l(y) = 6*k(y) + x(y). Is l(7) a prime number?
True
Let a(m) = 98*m + 45. Is a(19) composite?
False
Let u = 10 - 7. Suppose q - u*n = -3*q + 395, 5*n + 25 = 0. Suppose -3*t + r = -t - 63, -2*r - q = -3*t. Is t a composite number?
False
Suppose 526 = -5*o + 7*o. Is o a prime number?
True
Suppose 0 = -2*j - 4, u + 2*j + 19 = -0*u. Let x = -5 - u. Is x a composite number?
True
Let w = 262 - 135. Is w prime?
True
Suppose 24093 = -5*x - 4*w - 0*w, -2*x - 5*w - 9627 = 0. Is x/(-7) + 20/70 composite?
True
Let b be 2 + (1 - (-2)/2). Suppose 4*q + b = 16. Suppose -2*i - q*i + 265 = 0. Is i a prime number?
True
Let i = 1024 + -389. Is i prime?
False
Let f(x) = 118*x**2 + 9*x + 4. Is f(5) prime?
True
Let x be (-4)/(-12) + 676/6. Suppose q - 2*m - 13 = -2*q, -4*q = -3*m - 18. Suppose z + 2 = -z, q*z = 5*n - x. Is n composite?
True
Let s be (0 + 5/(-4))*48. Let q = 203 + s. Is q*1 - (-3 - -1) a prime number?
False
Suppose -2*f = -m + 10, -m - m = 3*f - 20. Let o be m/(-2) + (-1 - -1). Is o/(-10) + (-74)/(-4) prime?
True
Suppose t + 2*t = 36. Let b = t - 18. Let g(l) = l**3 + 6*l**2 - 3*l + 7. Is g(b) prime?
False
Suppose t - 5*p = -130, -p = -3 + 2. Let o = t - -194. Is o a composite number?
True
Let s be (-84)/8*4/(-6). Let u(m) = 46*m + 9. Is u(s) prime?
True
Suppose 5*u + 0*u + 4*t - 25455 = 0, 2*t = 4*u - 20390. Is u prime?
False
Let n be -1 - -2 - (1 - 4). Suppose -3*w - 1988 = -5*x, -n*w - 2 = 2. Is x a prime number?
True
Suppose -y + 18 = 4*k, 4*k - 2*y + 3 - 15 = 0. Suppose 5*a = 4*x - 93, 5*x - k*a - 49 - 56 = 0. Suppose -168 - x = -5*v. Is v a prime number?
True
Suppose -4*s + 138 = -2*s. Is s composite?
True
Suppose 0 = -k + 5*h + 102, 0*k = k - 3*h - 94. Let d = k - 150. Let r = 103 + d. Is r a prime number?
False
Let q(v) = 47*v**3 - v + 1. Let h = 11 - 10. Is q(h) prime?
True
Let r(i) be the first derivative of i**4/4 - 7*i**3/3 - i**2/2 - 2*i - 2. Let c be r(10). Suppose -2*u + c = -d + 3*d, 0 = -3*d + 3. Is u prime?
False
Let s(c) = -18*c + 1. Let u be s(2). Let i be 2922/(-14) - (-10)/u. Let y = -144 - i. Is y a prime number?
False
Let r be (2 + -3)/(2/(-12)). Is r/3 + 102/2 a composite number?
False
Suppose y + 3*y = 4*i - 308, 3*y - 139 = -2*i. Is i a prime number?
False
Let w = 0 - -3. Suppose -w*r + 0*r = 18. Let z(p) = -p**3 - 5*p**2 + 3*p + 5. Is z(r) a prime number?
True
Let u = -3 + 1. Let j be (u + 4)*-4*-1. Suppose -d + 2